{"id":54,"date":"2021-01-11T23:55:57","date_gmt":"2021-01-11T23:55:57","guid":{"rendered":"https:\/\/wortflug.de\/?page_id=54"},"modified":"2022-09-02T13:33:54","modified_gmt":"2022-09-02T13:33:54","slug":"impressum","status":"publish","type":"page","link":"https:\/\/wortflug.de\/?page_id=54","title":{"rendered":"Impressum"},"content":{"rendered":"\n<p>wortflug. text und kommunikation GbR<br>Schmalenbrucher Str. 6<br>31556 W\u00f6lpinghausen<br>E-Mail: post@wortflug.de<br>Telefon: 0176 813 425 88<\/p>\n\n\n\n<p>Gesellschafter: Nina T\u00f6ller &amp; Melitta T\u00f6ller<br>Umsatzsteuer-Identifikationsnummer gem. \u00a7 27a UStG: DE263173494<br>Inhaltlich Verantwortlicher gem. \u00a7 55 II RStV: Nina T\u00f6ller (Anschrift s.o.)<\/p>\n","protected":false},"excerpt":{"rendered":"<p>wortflug. text und kommunikation GbRSchmalenbrucher Str. 631556 W\u00f6lpinghausenE-Mail: post@wortflug.deTelefon: 0176 813 425 88 Gesellschafter: Nina T\u00f6ller &amp; Melitta T\u00f6llerUmsatzsteuer-Identifikationsnummer gem. \u00a7 27a UStG: DE263173494Inhaltlich Verantwortlicher gem. \u00a7 55 II RStV: Nina T\u00f6ller (Anschrift s.o.)<\/p>\n","protected":false},"author":1,"featured_media":0,"parent":0,"menu_order":0,"comment_status":"closed","ping_status":"closed","template":"","meta":[],"_links":{"self":[{"href":"https:\/\/wortflug.de\/index.php?rest_route=\/wp\/v2\/pages\/54"}],"collection":[{"href":"https:\/\/wortflug.de\/index.php?rest_route=\/wp\/v2\/pages"}],"about":[{"href":"https:\/\/wortflug.de\/index.php?rest_route=\/wp\/v2\/types\/page"}],"author":[{"embeddable":true,"href":"https:\/\/wortflug.de\/index.php?rest_route=\/wp\/v2\/users\/1"}],"replies":[{"embeddable":true,"href":"https:\/\/wortflug.de\/index.php?rest_route=%2Fwp%2Fv2%2Fcomments&post=54"}],"version-history":[{"count":2,"href":"https:\/\/wortflug.de\/index.php?rest_route=\/wp\/v2\/pages\/54\/revisions"}],"predecessor-version":[{"id":61,"href":"https:\/\/wortflug.de\/index.php?rest_route=\/wp\/v2\/pages\/54\/revisions\/61"}],"wp:attachment":[{"href":"https:\/\/wortflug.de\/index.php?rest_route=%2Fwp%2Fv2%2Fmedia&parent=54"}],"curies":[{"name":"wp","href":"https:\/\/api.w.org\/{rel}","templated":true}]}}